{"id":28,"date":"2024-05-24T13:00:28","date_gmt":"2024-05-24T16:00:28","guid":{"rendered":"https:\/\/aprendizdomundo.com\/miltonoliveira\/?page_id=28"},"modified":"2026-03-17T17:15:59","modified_gmt":"2026-03-17T20:15:59","slug":"perfil","status":"publish","type":"page","link":"https:\/\/aprendizdomundo.com\/miltonoliveira\/perfil\/","title":{"rendered":"Milton por Milton"},"content":{"rendered":"<p><img loading=\"lazy\" decoding=\"async\" title=\"Milton Oliveira\" class=\"alignleft\" src=\"https:\/\/aprendizdomundo.com\/imagens\/miltonoliveira180x200.jpg\" alt=\"Milton Oliveira\" width=\"180\" height=\"200\" \/>Sou <strong>Milton Oliveira de Freitas<\/strong>, natural de Santa Maria, Rio Grande do Sul. Nascido a 10 de maio de 1964, em pleno per\u00edodo de conturba\u00e7\u00e3o pol\u00edtica. Alcancei o t\u00edtulo de Bacharel em Comunica\u00e7\u00e3o Social, pela <strong><a title=\"Portal UFSM\" href=\"https:\/\/www.ufsm.br\/\" target=\"_blank\" rel=\"noopener noreferrer\">Universidade Federal de Santa Maria<\/a><\/strong>, em 1985. E tornei-me Especialista em Gest\u00e3o de Empresas de Radiodifus\u00e3o, pelo <strong><a title=\"Uninter\" href=\"https:\/\/www.uninter.com\/\" target=\"_blank\" rel=\"noopener noreferrer\">Centro Universit\u00e1rio Internacional Uninter<\/a><\/strong>, em 2019.<\/p>\n<p>Sou Radialista Profissional Diplomado (Reg. 2592), aprendiz de webmaster e poeta in\u00e9dito. Como funcion\u00e1rio p\u00fablico, ingressei na <strong>UFSM<\/strong> em 16 de agosto de 1993, no cargo de Programador de R\u00e1dio e Televis\u00e3o, na <strong><a title=\"R\u00e1dio Universidade AM\" href=\"https:\/\/www.ufsm.br\/radio\" target=\"_blank\" rel=\"noopener noreferrer\">R\u00e1dio Universidade AM<\/a><\/strong>. Desde 01\/12\/2017, tamb\u00e9m mantemos a <strong>Uni FM 107.9<\/strong>.<\/p>\n<p>Eu fiz meus estudos fundamentais na Escola Municipal Ant\u00f4nio Pedro Lima, na localidade de \u00c1gua Boa, no distrito de Arroio do S\u00f3 (1\u00aa a 4\u00aa s\u00e9ries); na Escola Rural de Arroio do S\u00f3, na sede do distrito de Arroio do S\u00f3 (5\u00aa e 6\u00aa s\u00e9ries); e no Gin\u00e1sio Estadual de Camobi, no bairro de Camobi (7\u00aa e 8\u00aa s\u00e9ries). Cumpri o ensino m\u00e9dio na Escola Estadual de 1\u00ba e 2\u00ba Graus Profa. Margarida Lopes, em Camobi. Frequentei o curso superior de Comunica\u00e7\u00e3o Social, habilita\u00e7\u00e3o em R\u00e1dio e Televis\u00e3o, na FACOS (Faculdade de Comunica\u00e7\u00e3o Social)\/UFSM nos anos de 1981 a 1985. Cursei a especializa\u00e7\u00e3o em Gest\u00e3o de Empresas de Radiodifus\u00e3o, pela <strong>Uninter<\/strong>, nos anos de 2018 e 2019.<\/p>\n<p>Minha atua\u00e7\u00e3o em comunica\u00e7\u00e3o come\u00e7ou ainda \u00e0 \u00e9poca de faculdade, quando fui editor dos jornais alternativos <strong>O Comunit\u00e1rio<\/strong>, <strong>Jornal Ler \u00e9 Viver<\/strong> e <strong>Conte\u00fado<\/strong>, nos anos de 1981 a 1984, no bairro de Camobi. Em r\u00e1dio, ainda como acad\u00eamico, produzi e apresentei o programa Bem-Me-Quer, inserido na grade da <strong>Universidade AM<\/strong> nos anos de 1984 e 1985.<\/p>\n<p>Desde meu ingresso como funcion\u00e1rio na <strong>R\u00e1dio Universidade<\/strong> j\u00e1 atuei\/atuo nas \u00e1reas de programa\u00e7\u00e3o musical; planejamento e gerenciamento de programa\u00e7\u00e3o; cria\u00e7\u00e3o, produ\u00e7\u00e3o, apresenta\u00e7\u00e3o, edi\u00e7\u00e3o e supervis\u00e3o de programas; coordena\u00e7\u00e3o de programas, coberturas e projetos; curadoria musical; organiza\u00e7\u00e3o de acervos musicais (antes, anal\u00f3gicos; hoje, digitais); opera\u00e7\u00e3o t\u00e9cnica; produ\u00e7\u00e3o e design para internet; membro de grupos de trabalho; e fun\u00e7\u00f5es administrativas.<\/p>\n<p>J\u00e1 fui respons\u00e1vel por muitos projetos, dentre eles, o <strong><a title=\"Conex\u00e3o 292\" href=\"https:\/\/aprendizdomundo.com\/portal\/perfil_conexao292\/\" target=\"_blank\" rel=\"noopener noreferrer\">Conex\u00e3o 292<\/a><\/strong>, executado ao vivo entre os anos de 1997 a 2000; o <strong><a title=\"Mirante\" href=\"https:\/\/aprendizdomundo.com\/portal\/perfil_mirante\/\" target=\"_blank\" rel=\"noopener noreferrer\">Mirante<\/a><\/strong>, r\u00e1dio-revista no ano de 2003; o <strong><a title=\"Audi\u00e7\u00e3o Brasil\" href=\"https:\/\/aprendizdomundo.com\/portal\/perfil_audicaobrasil\/\" target=\"_blank\" rel=\"noopener noreferrer\">Audi\u00e7\u00e3o Brasil<\/a><\/strong>, de 2004 a 2012; o <strong><a title=\"Expresso 292\" href=\"https:\/\/aprendizdomundo.com\/portal\/perfil_expresso292\/\" target=\"_blank\" rel=\"noopener noreferrer\">Expresso 292<\/a><\/strong>, super-programa nas madrugadas de 2008 a 2012; o <strong>Conex\u00e3o UFSM<\/strong>, ao lado do jornalista Gilson Piber, reunindo programa de r\u00e1dio e revista digital, inserido nas comemora\u00e7\u00f5es do cinquenten\u00e1rio da <strong>UFSM<\/strong>, em 2010; e <strong><a title=\"Magazine\" href=\"https:\/\/aprendizdomundo.com\/magazine\/\" target=\"_blank\" rel=\"noopener noreferrer\">Magazine<\/a><\/strong>, de 2014 a 2018.<\/p>\n<p>Em fun\u00e7\u00f5es administrativas, j\u00e1 ocupei a fun\u00e7\u00e3o de Diretor de R\u00e1dio Substituto da <strong>R\u00e1dio Universidade AM<\/strong>, nos anos de 1996 e 1997, quando Roberto Montagner era diretor. Fui, tamb\u00e9m, Chefe do N\u00facleo de Comunica\u00e7\u00e3o Institucional da <strong>Coordenadoria de Comunica\u00e7\u00e3o Social da UFSM<\/strong>, de 06\/08 a 04\/11\/1998, quando Janice Medeiros da Silva estava \u00e0 frente da coordenadoria. E substitui\u00e7\u00f5es diversas de curta dura\u00e7\u00e3o na dire\u00e7\u00e3o do N\u00facleo de R\u00e1dio.<\/p>\n<p>Em outras emissoras, atuei na <strong>R\u00e1dio Imembu\u00ed AM<\/strong> como produtor do programa <strong>O Canto do Ga\u00facho<\/strong>, nos anos de 1995 e 96, apresentado pelo radialista Norton Cezar.<\/p>\n<p>Na internet, j\u00e1 produzi diversos sites de pequeno porte. Hoje, sou detentor do registro do dom\u00ednio que abriga este site, o <strong><a title=\"Aprendiz do Mundo\" href=\"https:\/\/aprendizdomundo.com\/\" target=\"_blank\" rel=\"noopener noreferrer\">Aprendiz do Mundo<\/a><\/strong>. Meus poemas in\u00e9ditos v\u00eam sendo publicados desde 1999 no site <strong><a title=\"Versos d'Alma\" href=\"https:\/\/aprendizdomundo.com\/versosdalma\/\" target=\"_blank\" rel=\"noopener noreferrer\">Versos d&#8217;Alma<\/a><\/strong>.<\/p>\n<p>Em 2000, a in\u00e9dita cobertura dos Jogos Ol\u00edmpicos de Sydney pela <strong>Universidade AM<\/strong> rendeu o Trof\u00e9u Desportivo na \u00e1rea de comunica\u00e7\u00e3o \u00e0 equipe ol\u00edmpica, a qual coordenei. Esta equipe, que contava com Gilson Piber, Marlon Herath, Pedro Rocha e Rog\u00e9rio Giaretta J\u00fanior, contabilizou mais de 200 horas de informa\u00e7\u00f5es ol\u00edmpicas durante os dezesseis dias de evento, passando as noites inteiras no ar, ao vivo.<\/p>\n<p>Em 2008, abri um novo campo de atua\u00e7\u00e3o profissional, executando a diagrama\u00e7\u00e3o e o tratamento das imagens do livro <strong>Almanaque dos 80 Anos: E.C. Internacional<\/strong>, do jornalista Candido Otto da Luz. Em 2010, fiz diagrama\u00e7\u00e3o, tratamento de imagens e capa para <strong>O Time dos Sonhos do Inter SM &#8211; Parte 1<\/strong>, e em 2011, <strong>O Time dos Sonhos do Inter SM &#8211; Parte 2: Donga<\/strong>, do mesmo autor.<\/p>\n<p>Em 2011, fui ministrante da disciplina T\u00e9cnicas de Locu\u00e7\u00e3o no curso de Locutor, Apresentador e Animador, no <strong>SENAC-RS<\/strong>, na unidade de Santa Maria.<\/p>\n<p>Em 2013, fui coordenador local da cobertura da Copa das Confedera\u00e7\u00f5es 2013 na <strong>Universidade AM<\/strong>. Em 2014, de 16\/01 a 08\/08, estive na fun\u00e7\u00e3o de Chefe de N\u00facleo de R\u00e1dio Substituto, na <strong>Coordenadoria de Comunica\u00e7\u00e3o Social da UFSM<\/strong>. Tamb\u00e9m em 2014, de 12\/06 a 13\/07, fui coordenador local da cobertura da Copa do Mundo FIFA 2014 na emissora. Entre 2015 a 2017, fui membro permanente do GT800AM &#8211; Grupo de Trabalho de Qualifica\u00e7\u00e3o e Acompanhamento da R\u00e1dio Universidade 800 AM. E de 2018 a 2022, fui coordenador do GT R\u00e1dios UFSM \u2013 Grupo de Trabalho de Gest\u00e3o e Acompanhamento das Programa\u00e7\u00f5es das R\u00e1dios Universidade AM e Uni FM.<\/p>\n<p>Atualmente, al\u00e9m das atividades de webmaster no <strong><a title=\"Aprendiz do Mundo\" href=\"https:\/\/aprendizdomundo.com\/\" target=\"_blank\" rel=\"noopener noreferrer\">Aprendiz do Mundo<\/a><\/strong> (e seus sites associados), sou respons\u00e1vel por diversas produ\u00e7\u00f5es e atividades de programa\u00e7\u00e3o nas <strong><a title=\"R\u00e1dios da UFSM\" href=\"https:\/\/www.ufsm.br\/radio\" target=\"_blank\" rel=\"noopener noreferrer\">R\u00e1dios da UFSM<\/a><\/strong>. Sou titular, entre muitos, dos programas <strong><a title=\"Atra\u00e7\u00e3o Nacional\" href=\"https:\/\/aprendizdomundo.com\/portal\/perfil_atracaonacional\" target=\"_blank\" rel=\"noopener noreferrer\">Atra\u00e7\u00e3o Nacional<\/a><\/strong> (veiculado em quatro emissoras), <strong><a title=\"Aquarela\" href=\"https:\/\/aprendizdomundo.com\/portal\/perfil_aquarela\" target=\"_blank\" rel=\"noopener noreferrer\">Aquarela<\/a><\/strong> (em tr\u00eas r\u00e1dios), <strong><a title=\"Mem\u00f3ria Brasil\" href=\"https:\/\/aprendizdomundo.com\/portal\/perfil_memoriabrasil\/\" target=\"_blank\" rel=\"noopener noreferrer\">Mem\u00f3ria Brasil<\/a><\/strong> (presente nas grades de programa\u00e7\u00e3o de cinco r\u00e1dios), <strong><a title=\"Esta\u00e7\u00e3o Rock Ga\u00facho\" href=\"https:\/\/aprendizdomundo.com\/portal\/perfil_estacaorocokgaucho\" target=\"_blank\" rel=\"noopener noreferrer\">Esta\u00e7\u00e3o Rock Ga\u00facho<\/a><\/strong> (em quatro emissoras) e <strong><a title=\"Armaz\u00e9m 90\" href=\"https:\/\/aprendizdomundo.com\/portal\/perfil_armazem90\" target=\"_blank\" rel=\"noopener noreferrer\">Armaz\u00e9m 90<\/a><\/strong> (em tr\u00eas emissoras).<\/p>\n","protected":false},"excerpt":{"rendered":"<p>Sou Milton Oliveira de Freitas, natural de Santa Maria, Rio Grande do Sul. Nascido a 10 de maio de 1964, em pleno per\u00edodo de conturba\u00e7\u00e3o pol\u00edtica. Alcancei o t\u00edtulo de Bacharel em Comunica\u00e7\u00e3o Social, pela Universidade Federal de Santa Maria, em 1985. E tornei-me Especialista em Gest\u00e3o de Empresas de Radiodifus\u00e3o, pelo Centro Universit\u00e1rio Internacional [&#8230;] <\/p>\n<p class=\"more-link-container\"><a href=\"https:\/\/aprendizdomundo.com\/miltonoliveira\/perfil\/\" class=\"more-link\">Read More<span class=\"screen-reader-text\"> &#8220;Milton por Milton&#8221;<\/span><\/a><\/p>\n","protected":false},"author":1,"featured_media":0,"parent":0,"menu_order":2,"comment_status":"closed","ping_status":"closed","template":"page-templates\/template-right-sidebar.php","meta":{"footnotes":""},"class_list":["post-28","page","type-page","status-publish","hentry"],"_links":{"self":[{"href":"https:\/\/aprendizdomundo.com\/miltonoliveira\/wp-json\/wp\/v2\/pages\/28","targetHints":{"allow":["GET"]}}],"collection":[{"href":"https:\/\/aprendizdomundo.com\/miltonoliveira\/wp-json\/wp\/v2\/pages"}],"about":[{"href":"https:\/\/aprendizdomundo.com\/miltonoliveira\/wp-json\/wp\/v2\/types\/page"}],"author":[{"embeddable":true,"href":"https:\/\/aprendizdomundo.com\/miltonoliveira\/wp-json\/wp\/v2\/users\/1"}],"replies":[{"embeddable":true,"href":"https:\/\/aprendizdomundo.com\/miltonoliveira\/wp-json\/wp\/v2\/comments?post=28"}],"version-history":[{"count":33,"href":"https:\/\/aprendizdomundo.com\/miltonoliveira\/wp-json\/wp\/v2\/pages\/28\/revisions"}],"predecessor-version":[{"id":713,"href":"https:\/\/aprendizdomundo.com\/miltonoliveira\/wp-json\/wp\/v2\/pages\/28\/revisions\/713"}],"wp:attachment":[{"href":"https:\/\/aprendizdomundo.com\/miltonoliveira\/wp-json\/wp\/v2\/media?parent=28"}],"curies":[{"name":"wp","href":"https:\/\/api.w.org\/{rel}","templated":true}]}}