{"id":30,"date":"2024-05-24T13:02:45","date_gmt":"2024-05-24T16:02:45","guid":{"rendered":"https:\/\/aprendizdomundo.com\/miltonoliveira\/?page_id=30"},"modified":"2026-03-17T16:49:24","modified_gmt":"2026-03-17T19:49:24","slug":"curriculo","status":"publish","type":"page","link":"https:\/\/aprendizdomundo.com\/miltonoliveira\/curriculo\/","title":{"rendered":"Curriculum Vitae"},"content":{"rendered":"<p style=\"margin-top: 0; margin-bottom: 25px\"><img loading=\"lazy\" decoding=\"async\" border=\"0\" title=\"Destaque\" alt=\"Destaque\" src=\"https:\/\/aprendizdomundo.com\/imagens\/marcadorwebcurriculo.png\" width=\"64\" height=\"24\"><strong><font color=\"#339966\" size=5>Dados b\u00e1sicos<\/font><\/strong><\/p>\n<p>Nome: <strong>Milton Oliveira de Freitas<\/strong>.<br \/>\nData de nascimento: <strong>10 de maio de 1964<\/strong>.<br \/>\nNaturalidade: <strong>Santa Maria, RS<\/strong>.<br \/>\nNacionalidade: <strong>Brasileiro<\/strong>.<\/p>\n<p><\/br><\/p>\n<p style=\"margin-top: 40px; margin-bottom: 25px\"><img loading=\"lazy\" decoding=\"async\" border=\"0\" title=\"Destaque\" alt=\"Destaque\" src=\"https:\/\/aprendizdomundo.com\/imagens\/marcadorwebcurriculo.png\" width=\"64\" height=\"24\"><strong><font color=\"#339966\" size=5>Curr\u00edculo Lattes<\/font><\/strong><\/p>\n<p>Acess\u00edvel em <strong><a title=\"Milton Oliveira na Plataforma Lattes\" href=\"https:\/\/lattes.cnpq.br\/8897754617279611\" target=\"_blank\" rel=\"noopener noreferrer\">www.lattes.cnpq.br\/8897754617279611<\/a><\/strong>.<\/p>\n<p><\/br><\/p>\n<p style=\"margin-top: 40px; margin-bottom: 25px\"><img loading=\"lazy\" decoding=\"async\" border=\"0\" title=\"Destaque\" alt=\"Destaque\" src=\"https:\/\/aprendizdomundo.com\/imagens\/marcadorwebcurriculo.png\" width=\"64\" height=\"24\"><strong><font color=\"#339966\" size=5>Registros profissionais<\/font><\/strong><\/p>\n<p><strong>Radialista Profissional Diplomado<\/strong>, de acordo com Lei 6.615\/78 e Decreto 84.134\/79, registro 2592, pela DRT\/RS em 18\/04\/1986.<br \/>\n<strong>Jornalista<\/strong>, registro provis\u00f3rio 9947, pela DRT\/RS em 28\/01\/2002.<\/p>\n<p><\/br><\/p>\n<p style=\"margin-top: 40px; margin-bottom: 25px\"><img loading=\"lazy\" decoding=\"async\" border=\"0\" title=\"Destaque\" alt=\"Destaque\" src=\"https:\/\/aprendizdomundo.com\/imagens\/marcadorwebcurriculo.png\" width=\"64\" height=\"24\"><strong><font color=\"#339966\" size=5>Situa\u00e7\u00e3o profissional<\/font><\/strong><\/p>\n<p><strong>Funcion\u00e1rio P\u00fablico Federal<\/strong>, exercendo cargo de Programador de R\u00e1dio e Televis\u00e3o, no N\u00facleo de R\u00e1dio da Coordenadoria de Comunica\u00e7\u00e3o Social da <strong><a title=\"Portal UFSM\" href=\"https:\/\/www.ufsm.br\/\" target=\"_blank\" rel=\"noopener noreferrer\">Universidade Federal de Santa Maria<\/a><\/strong>, desde 16\/08\/1993.<\/p>\n<p><\/br><\/p>\n<p style=\"margin-top: 40px; margin-bottom: 25px\"><img loading=\"lazy\" decoding=\"async\" border=\"0\" title=\"Destaque\" alt=\"Destaque\" src=\"https:\/\/aprendizdomundo.com\/imagens\/marcadorwebcurriculo.png\" width=\"64\" height=\"24\"><strong><font color=\"#339966\" size=5>Situa\u00e7\u00e3o sindical<\/font><\/strong><\/p>\n<p>Filiado da <strong><a href=\"https:\/\/assufsm.com.br\/\" rel=\"noopener\" target=\"_blank\">ASSUFSM\/Se\u00e7\u00e3o Sindical (Associa\u00e7\u00e3o dos Servidores da Universidade Federal de Santa Maria)<\/a><\/strong>.<\/p>\n<p><\/br><\/p>\n<p style=\"margin-top: 40px; margin-bottom: 25px\"><img loading=\"lazy\" decoding=\"async\" border=\"0\" title=\"Destaque\" alt=\"Destaque\" src=\"https:\/\/aprendizdomundo.com\/imagens\/marcadorwebcurriculo.png\" width=\"64\" height=\"24\"><strong><font color=\"#339966\" size=5>Ensino Fundamental<\/font><\/strong><\/p>\n<p><strong>1\u00aa a 4\u00aa s\u00e9ries:<\/strong> Escola Municipal Isolada Antonio Pedro Lima (\u00c1gua Boa, 5\u00ba Distrito de Arroio do S\u00f3, Santa Maria\/RS), 1971 a 1974;<br \/>\n<strong>5\u00aa e 6\u00aa s\u00e9ries:<\/strong> Escola Rural de Arroio do S\u00f3 (5\u00ba Distrito de Arroio do S\u00f3, Santa Maria\/RS), 1975 e 1976; e<br \/>\n<strong>7\u00aa e 8\u00aa s\u00e9ries:<\/strong> Gin\u00e1sio Estadual de Camobi (Camobi, Santa Maria\/RS), 1977 e 1978.<\/p>\n<p><\/br><\/p>\n<p style=\"margin-top: 40px; margin-bottom: 25px\"><img loading=\"lazy\" decoding=\"async\" border=\"0\" title=\"Destaque\" alt=\"Destaque\" src=\"https:\/\/aprendizdomundo.com\/imagens\/marcadorwebcurriculo.png\" width=\"64\" height=\"24\"><strong><font color=\"#339966\" size=5>Ensino M\u00e9dio<\/font><\/strong><\/p>\n<p><strong>Integral:<\/strong> Escola Estadual de 1\u00ba e 2\u00ba Graus Profa. Margarida Lopes (Camobi, Santa Maria\/RS), 1979 a 1981.<br \/>\nHabilita\u00e7\u00e3o profissionalizante: Auxiliar de Desenhista de M\u00f3veis, de acordo com Lei 5.692 de 11\/08\/1971.<\/p>\n<p><\/br><\/p>\n<p style=\"margin-top: 40px; margin-bottom: 25px\"><img loading=\"lazy\" decoding=\"async\" border=\"0\" title=\"Destaque\" alt=\"Destaque\" src=\"https:\/\/aprendizdomundo.com\/imagens\/marcadorwebcurriculo.png\" width=\"64\" height=\"24\"><strong><font color=\"#339966\" size=5>Ensino Superior<\/font><\/strong><\/p>\n<p><strong>Integral:<\/strong> Gradua\u00e7\u00e3o em <strong>Comunica\u00e7\u00e3o Social, habilita\u00e7\u00e3o R\u00e1dio e Televis\u00e3o<\/strong>, pela <strong>Universidade Federal de Santa Maria<\/strong>, Centro de Ci\u00eancias Sociais e Humanas (Santa Maria\/RS), 1982 a 1985.<br \/>\nTitula\u00e7\u00e3o: Bacharel em Comunica\u00e7\u00e3o Social.<\/p>\n<p><\/br><\/p>\n<p style=\"margin-top: 40px; margin-bottom: 25px\"><img loading=\"lazy\" decoding=\"async\" border=\"0\" title=\"Destaque\" alt=\"Destaque\" src=\"https:\/\/aprendizdomundo.com\/imagens\/marcadorwebcurriculo.png\" width=\"64\" height=\"24\"><strong><font color=\"#339966\" size=5>P\u00f3s-gradua\u00e7\u00e3o<\/font><\/strong><\/p>\n<p><strong>Integral:<\/strong> Especializa\u00e7\u00e3o Lato Sensu em <strong>Gest\u00e3o de Empresas de Radiodifus\u00e3o<\/strong>, pelo <strong><a title=\"Uninter\" href=\"http:\/\/www.uninter.com\/\" target=\"_blank\" rel=\"noopener noreferrer\">Centro Universit\u00e1rio Internacional Uninter<\/a><\/strong>, 2018 a 2019.<br \/>\nTitula\u00e7\u00e3o: Especialista em Gest\u00e3o de Empresas de Radiodifus\u00e3o.<\/p>\n<p><\/br><\/p>\n<p style=\"margin-top: 40px; margin-bottom: 25px\"><img loading=\"lazy\" decoding=\"async\" border=\"0\" title=\"Destaque\" alt=\"Destaque\" src=\"https:\/\/aprendizdomundo.com\/imagens\/marcadorwebcurriculo.png\" width=\"64\" height=\"24\"><strong><font color=\"#339966\" size=5>Educa\u00e7\u00e3o continuada complementar<\/font><\/strong><\/p>\n<p>Acess\u00edvel em <strong><a title=\"Educa\u00e7\u00e3o Continuada Complementar\" href=\"https:\/\/aprendizdomundo.com\/miltonoliveira\/complementar\" target=\"_self\" rel=\"noopener noreferrer\">p\u00e1gina separada<\/a><\/strong>.<\/p>\n<p><\/br><\/p>\n<p style=\"margin-top: 40px; margin-bottom: 25px\"><img loading=\"lazy\" decoding=\"async\" border=\"0\" title=\"Destaque\" alt=\"Destaque\" src=\"https:\/\/aprendizdomundo.com\/imagens\/marcadorwebcurriculo.png\" width=\"64\" height=\"24\"><strong><font color=\"#339966\" size=5>Cat\u00e1logo de atividades<\/font><\/strong><\/p>\n<p>Acess\u00edvel em <strong><a title=\"Cat\u00e1logo de Atividades\" href=\"https:\/\/aprendizdomundo.com\/miltonoliveira\/atividades\" target=\"_self\" rel=\"noopener noreferrer\">p\u00e1gina separada<\/a><\/strong>.<\/p>\n<p><\/br><\/p>\n<p style=\"margin-top: 40px; margin-bottom: 25px\"><img loading=\"lazy\" decoding=\"async\" border=\"0\" title=\"Destaque\" alt=\"Destaque\" src=\"https:\/\/aprendizdomundo.com\/imagens\/marcadorwebcurriculo.png\" width=\"64\" height=\"24\"><strong><font color=\"#339966\" size=5>Participa\u00e7\u00e3o em eventos de comunica\u00e7\u00e3o<\/font><\/strong><\/p>\n<p><strong>Painel O Papel de uma R\u00e1dio Universit\u00e1ria<\/strong>, em 08\/08\/1997, em Santa Maria\/RS. Evento promovido pela UFSM, quando da inaugura\u00e7\u00e3o do novo transmissor da <strong><a title=\"R\u00e1dio Universidade AM\" href=\"https:\/\/www.ufsm.br\/radio\/\" target=\"_blank\" rel=\"noopener noreferrer\">R\u00e1dio Universidade AM<\/a><\/strong>.<br \/>\n<strong>III Encontro das R\u00e1dios e TVs das Universidades Federais<\/strong>, de 16 a 18\/11\/2007, em Porto Alegre\/RS. Evento integrante das comemora\u00e7\u00f5es dos 50 anos da R\u00e1dio da Universidade, emissora da <strong><a title=\"Portal UFRGS\" href=\"http:\/\/www.ufrgs.br\/\" target=\"_blank\" rel=\"noopener noreferrer\">UFRGS (Universidade Federal do Rio Grande do Sul)<\/a><\/strong>.<br \/>\n<strong>Curso Inova\u00e7\u00e3o e Uso Estrat\u00e9gico das M\u00eddias Sociais: muito al\u00e9m do modismo<\/strong>, dias 02 e 03\/03\/2012, em Florian\u00f3polis\/SC, ministrado pela Profa. Ma. C\u00e1tia Lass\u00e1lvia, numa promo\u00e7\u00e3o da Clear Educa\u00e7\u00e3o e Inova\u00e7\u00e3o.<br \/>\n<strong>Curso Web Textos: Os Desafios da Comunica\u00e7\u00e3o Frente ao Mundo<\/strong>, em 23\/10\/2012, em Belo Horizonte\/MG, ministrado pela Profa. Ma. Laila Vanetti, numa promo\u00e7\u00e3o da <strong><a title=\"Aberje\" href=\"http:\/\/www.aberje.com.br\/\" target=\"_blank\" rel=\"noopener noreferrer\">ABERJE (Associa\u00e7\u00e3o Brasileira de Comunica\u00e7\u00e3o Empresarial)<\/a><\/strong>.<br \/>\n<strong>Palestra M\u00eddia Sociais e seu Uso no Trabalho<\/strong>, na noite de 23\/10\/2012, em Belo Horizonte\/MG, ministrada pelo Prof. Murilo Gon\u00e7alves, numa promo\u00e7\u00e3o do <strong><a title=\"SENAC-MG - Unidade Belo Horizonte\" href=\"http:\/\/www.mg.senac.br\/\" target=\"_blank\" rel=\"noopener noreferrer\">SENAC-MG &#8211; Unidade Belo Horizonte<\/a><\/strong>.<br \/>\nOficina de Comunica\u00e7\u00e3o Radiotube Regi\u00e3o Sul, dias 22 e 23\/05\/2014, em Florian\u00f3polis\/SC, promovida pela <strong><a title=\"Criar Brasil\" href=\"http:\/\/www.criarbrasil.org.br\/\" target=\"_blank\" rel=\"noopener noreferrer\">Criar Brasil &#8211; Centro de Imprensa, Assessoria e R\u00e1dio<\/a><\/strong>.<br \/>\n<strong>1\u00ba F\u00f3rum de Comunica\u00e7\u00e3o P\u00fablica da Regi\u00e3o Sul<\/strong>, dias 12 e 13\/11\/2014, organizado pela Coordenadoria de Comunica\u00e7\u00e3o Social da <strong>UFSM<\/strong>.<br \/>\n<strong>Evento de Avalia\u00e7\u00e3o do Radiotube 2015<\/strong>, em 12\/08, no Rio de Janeiro\/RJ, promovido pela <strong><a title=\"Criar Brasil\" href=\"http:\/\/www.criarbrasil.org.br\/\" target=\"_blank\" rel=\"noopener noreferrer\">Criar Brasil &#8211; Centro de Imprensa, Assessoria e R\u00e1dio<\/a><\/strong>.<br \/>\n<strong>Cerim\u00f4nia de entrega do 1\u00ba Pr\u00eamio de Jornalismo Cidad\u00e3o Radiotube<\/strong>, na noite de 12\/08\/2015, no Rio de Janeiro\/RJ, promovida pela <strong><a title=\"Criar Brasil\" href=\"http:\/\/www.criarbrasil.org.br\/\" target=\"_blank\" rel=\"noopener noreferrer\">Criar Brasil &#8211; Centro de Imprensa, Assessoria e R\u00e1dio<\/a><\/strong>.<br \/>\n<strong>Evento de Avalia\u00e7\u00e3o do Radiotube 2019<\/strong>, em 16\/10, no Rio de Janeiro\/RJ, promovido pela <strong><a title=\"Criar Brasil\" href=\"http:\/\/www.criarbrasil.org.br\/\" target=\"_blank\" rel=\"noopener noreferrer\">Criar Brasil &#8211; Centro de Imprensa, Assessoria e R\u00e1dio<\/a><\/strong>.<br \/>\n<strong>Cerim\u00f4nia de entrega do 3\u00ba Pr\u00eamio de Jornalismo Cidad\u00e3o Radiotube<\/strong>, na noite de 16\/10\/2019, no Rio de Janeiro\/RJ, promovida pela <strong><a title=\"Criar Brasil\" href=\"http:\/\/www.criarbrasil.org.br\/\" target=\"_blank\" rel=\"noopener noreferrer\">Criar Brasil &#8211; Centro de Imprensa, Assessoria e R\u00e1dio<\/a><\/strong>.<\/p>\n<p><\/br><\/p>\n<p style=\"margin-top: 40px; margin-bottom: 25px\"><img loading=\"lazy\" decoding=\"async\" border=\"0\" title=\"Destaque\" alt=\"Destaque\" src=\"https:\/\/aprendizdomundo.com\/imagens\/marcadorwebcurriculo.png\" width=\"64\" height=\"24\"><strong><font color=\"#339966\" size=5>Reconhecimento profissional<\/font><\/strong><\/p>\n<p><strong>Trof\u00e9u Desportivo Santa Maria<\/strong>, na categoria Destaque do Desporto n\u00e3o Profissional, modalidade Comunica\u00e7\u00e3o Esportiva, em 2000. Premia\u00e7\u00e3o pelo trabalho na cobertura dos Jogos Ol\u00edmpicos de Sydney.<br \/>\n<strong>Certificado de Reconhecimento<\/strong>, pelos 30 anos de servi\u00e7os prestados \u00e0 Universidade Federal de Santa Maria, em 2023.<\/p>\n","protected":false},"excerpt":{"rendered":"<p>Dados b\u00e1sicos Nome: Milton Oliveira de Freitas. Data de nascimento: 10 de maio de 1964. Naturalidade: Santa Maria, RS. Nacionalidade: Brasileiro. Curr\u00edculo Lattes Acess\u00edvel em www.lattes.cnpq.br\/8897754617279611. Registros profissionais Radialista Profissional Diplomado, de acordo com Lei 6.615\/78 e Decreto 84.134\/79, registro 2592, pela DRT\/RS em 18\/04\/1986. Jornalista, registro provis\u00f3rio 9947, pela DRT\/RS em 28\/01\/2002. Situa\u00e7\u00e3o profissional [&#8230;] <\/p>\n<p class=\"more-link-container\"><a href=\"https:\/\/aprendizdomundo.com\/miltonoliveira\/curriculo\/\" class=\"more-link\">Read More<span class=\"screen-reader-text\"> &#8220;Curriculum Vitae&#8221;<\/span><\/a><\/p>\n","protected":false},"author":1,"featured_media":0,"parent":0,"menu_order":3,"comment_status":"closed","ping_status":"closed","template":"page-templates\/template-right-sidebar.php","meta":{"footnotes":""},"class_list":["post-30","page","type-page","status-publish","hentry"],"_links":{"self":[{"href":"https:\/\/aprendizdomundo.com\/miltonoliveira\/wp-json\/wp\/v2\/pages\/30","targetHints":{"allow":["GET"]}}],"collection":[{"href":"https:\/\/aprendizdomundo.com\/miltonoliveira\/wp-json\/wp\/v2\/pages"}],"about":[{"href":"https:\/\/aprendizdomundo.com\/miltonoliveira\/wp-json\/wp\/v2\/types\/page"}],"author":[{"embeddable":true,"href":"https:\/\/aprendizdomundo.com\/miltonoliveira\/wp-json\/wp\/v2\/users\/1"}],"replies":[{"embeddable":true,"href":"https:\/\/aprendizdomundo.com\/miltonoliveira\/wp-json\/wp\/v2\/comments?post=30"}],"version-history":[{"count":40,"href":"https:\/\/aprendizdomundo.com\/miltonoliveira\/wp-json\/wp\/v2\/pages\/30\/revisions"}],"predecessor-version":[{"id":708,"href":"https:\/\/aprendizdomundo.com\/miltonoliveira\/wp-json\/wp\/v2\/pages\/30\/revisions\/708"}],"wp:attachment":[{"href":"https:\/\/aprendizdomundo.com\/miltonoliveira\/wp-json\/wp\/v2\/media?parent=30"}],"curies":[{"name":"wp","href":"https:\/\/api.w.org\/{rel}","templated":true}]}}