{"id":52764,"date":"2026-02-02T15:05:30","date_gmt":"2026-02-02T18:05:30","guid":{"rendered":"https:\/\/aprendizdomundo.com\/portal\/?page_id=52764"},"modified":"2026-04-05T19:37:27","modified_gmt":"2026-04-05T22:37:27","slug":"perfil_ritmolatino","status":"publish","type":"page","link":"https:\/\/aprendizdomundo.com\/portal\/perfil_producoes\/perfil_programas\/perfil_ritmolatino\/","title":{"rendered":"Ritmo Latino"},"content":{"rendered":"<p style=\"margin-top: 0; margin-bottom: 40px\"><img decoding=\"async\" border=\"0\" title=\"Destaque\" alt=\"Destaque\" src=\"https:\/\/aprendizdomundo.com\/imagens\/marcador.png\" width=\"64\" height=\"24\">Todos os dias, 03h00\/05h00, na <strong><a title=\"R\u00e1dio Universidade AM\" href=\"https:\/\/www.ufsm.br\/radio\" target=\"_blank\" rel=\"noopener noreferrer\">Universidade AM<\/a><\/strong><\/span><\/p>\n<p><img fetchpriority=\"high\" decoding=\"async\" title=\"Ritmo Latino\" class=\"alignleft\" src=\"https:\/\/aprendizdomundo.com\/imagens\/marca800_ritmolatino.png\" alt=\"Ritmo Latino\" width=\"400\" height=\"400\" \/><strong>Ritmo Latino<\/strong> \u00e9 um programa musical especializado na execu\u00e7\u00e3o de can\u00e7\u00f5es latinas contempor\u00e2neas, exclusivamente de pa\u00edses da Am\u00e9rica Latina, reunindo grava\u00e7\u00f5es das d\u00e9cadas de 1980 aos nossos dias, preferencialmente os lan\u00e7amentos dos anos mais recentes.<\/p>\n<p>A produ\u00e7\u00e3o promove a oportunidade de ouvir m\u00fasicas em espanhol da Argentina, Bol\u00edvia, Brasil, Chile, Col\u00f4mbia, Costa Rica, Cuba, El Salvador, Equador, Guatemala, Haiti, Honduras, M\u00e9xico, Nicar\u00e1gua, Panam\u00e1, Paraguai, Peru, Porto Rico, Rep\u00fablica Dominicana, Uruguai e Venezuela. Tamb\u00e9m ganham destaque alguns artistas de ascend\u00eancia latina dos Estados Unidos.<\/p>\n<p>Cria\u00e7\u00e3o, dire\u00e7\u00e3o, produ\u00e7\u00e3o, pesquisa, curadoria musical, sele\u00e7\u00e3o de repert\u00f3rio, roteiriza\u00e7\u00e3o, edi\u00e7\u00e3o, controle de inser\u00e7\u00f5es, divulga\u00e7\u00e3o digital e gerenciamento de acervo: <strong><a title=\"Milton Oliveira Web Curr\u00edculo\" href=\"https:\/\/www.aprendizdomundo.com\/miltonoliveira\" target=\"_blank\" rel=\"noopener noreferrer\">Milton Oliveira<\/a><\/strong><\/p>\n<p>O <strong>Ritmo Latino<\/strong>\u00a0\u00e9 uma produ\u00e7\u00e3o criada originalmente para a <strong><a title=\"R\u00e1dios UFSM\" href=\"https:\/\/www.ufsm.br\/radio\" target=\"_blank\" rel=\"noopener noreferrer\">R\u00e1dio Universidade AM<\/a><\/strong>, que teve estreia em 03\/08\/2020, ocupando a faixa das 15h00 \u00e0s 16h00, de segunda a sexta. Esteve suspenso da programa\u00e7\u00e3o de 03\/01 a 31\/10\/2022, devido afastamento m\u00e9dico do produtor. Retornou \u00e0 grade em 01\/11\/2022, agora ocupando a faixa das 03h00 \u00e0s 05h00, de domingo a domingo.<\/p>\n<p>Este programa est\u00e1 dispon\u00edvel para veicula\u00e7\u00e3o em sua emissora, \u00e9 s\u00f3 contatar pelo <strong>e-mail <a title=\"E-mail de Milton Oliveira\" href=\"mailto:miltoncamobi@yahoo.com.br\">miltoncamobi@yahoo.com.br<\/a><\/strong>.<\/p>\n<p style=\"margin-top: 1px; margin-bottom: 1px\">As mat\u00e9rias espec\u00edficas para cada audi\u00e7\u00e3o se encontram <a title=\"Confira as chamadas do programa Ritmo Latino\" target=\"_self\" href=\"https:\/\/aprendizdomundo.com\/portal\/category\/ritmolatino\/\" rel=\"noopener\">neste link<\/a>.<\/p>\n","protected":false},"excerpt":{"rendered":"<p>Todos os dias, 03h00\/05h00, na Universidade AM Ritmo Latino \u00e9 um programa musical especializado na execu\u00e7\u00e3o de can\u00e7\u00f5es latinas contempor\u00e2neas, exclusivamente de pa\u00edses da Am\u00e9rica Latina, reunindo grava\u00e7\u00f5es das d\u00e9cadas de 1980 aos nossos dias, preferencialmente os lan\u00e7amentos dos anos mais recentes. A produ\u00e7\u00e3o promove a oportunidade de ouvir m\u00fasicas em espanhol da Argentina, Bol\u00edvia, [&#8230;] <\/p>\n<p class=\"more-link-container\"><a href=\"https:\/\/aprendizdomundo.com\/portal\/perfil_producoes\/perfil_programas\/perfil_ritmolatino\/\" class=\"more-link\">Read More<span class=\"screen-reader-text\"> &#8220;Ritmo Latino&#8221;<\/span><\/a><\/p>\n","protected":false},"author":1,"featured_media":0,"parent":52740,"menu_order":0,"comment_status":"closed","ping_status":"closed","template":"page-templates\/template-right-sidebar.php","meta":{"_eb_attr":"","footnotes":""},"class_list":["post-52764","page","type-page","status-publish","hentry"],"_links":{"self":[{"href":"https:\/\/aprendizdomundo.com\/portal\/wp-json\/wp\/v2\/pages\/52764","targetHints":{"allow":["GET"]}}],"collection":[{"href":"https:\/\/aprendizdomundo.com\/portal\/wp-json\/wp\/v2\/pages"}],"about":[{"href":"https:\/\/aprendizdomundo.com\/portal\/wp-json\/wp\/v2\/types\/page"}],"author":[{"embeddable":true,"href":"https:\/\/aprendizdomundo.com\/portal\/wp-json\/wp\/v2\/users\/1"}],"replies":[{"embeddable":true,"href":"https:\/\/aprendizdomundo.com\/portal\/wp-json\/wp\/v2\/comments?post=52764"}],"version-history":[{"count":6,"href":"https:\/\/aprendizdomundo.com\/portal\/wp-json\/wp\/v2\/pages\/52764\/revisions"}],"predecessor-version":[{"id":55007,"href":"https:\/\/aprendizdomundo.com\/portal\/wp-json\/wp\/v2\/pages\/52764\/revisions\/55007"}],"up":[{"embeddable":true,"href":"https:\/\/aprendizdomundo.com\/portal\/wp-json\/wp\/v2\/pages\/52740"}],"wp:attachment":[{"href":"https:\/\/aprendizdomundo.com\/portal\/wp-json\/wp\/v2\/media?parent=52764"}],"curies":[{"name":"wp","href":"https:\/\/api.w.org\/{rel}","templated":true}]}}