{"id":52776,"date":"2026-02-02T15:10:06","date_gmt":"2026-02-02T18:10:06","guid":{"rendered":"https:\/\/aprendizdomundo.com\/portal\/?page_id=52776"},"modified":"2026-04-05T19:38:42","modified_gmt":"2026-04-05T22:38:42","slug":"perfil_conversadebotequim","status":"publish","type":"page","link":"https:\/\/aprendizdomundo.com\/portal\/perfil_producoes\/perfil_programetes\/perfil_conversadebotequim\/","title":{"rendered":"Conversa de Botequim"},"content":{"rendered":"<p><img fetchpriority=\"high\" decoding=\"async\" title=\"Conversa de Botequim\" class=\"alignleft\" src=\"https:\/\/aprendizdomundo.com\/imagens\/perfil_conversadebotequim.png\" alt=\"Conversa de Botequim\" width=\"400\" height=\"400\" \/><strong>Conversa de Botequim<\/strong>, em cada edi\u00e7\u00e3o, enfoca um tema ou grande nome ou momento da nossa rica MPB, unindo um texto de profunda pesquisa com grava\u00e7\u00f5es hist\u00f3ricas e ilustrativas. Conversa de Botequim \u00e9 t\u00edtulo de uma das mais conhecidas composi\u00e7\u00f5es da parceria Noel Rosa e Vadico. A s\u00e9rie completa do quadro re\u00fane 78 programetes, variando entre 7 a 11 minutos cada um.<\/p>\n<p>Cria\u00e7\u00e3o, dire\u00e7\u00e3o, produ\u00e7\u00e3o, pesquisa, curadoria musical, sele\u00e7\u00e3o de repert\u00f3rio, roteiriza\u00e7\u00e3o, reda\u00e7\u00e3o de texto e apresenta\u00e7\u00e3o: <strong><a title=\"Wagner Serafini no Facebook\" href=\"https:\/\/www.facebook.com\/profile.php?id=100014276267504\" target=\"_blank\" rel=\"noopener noreferrer\">Wagner Serafini dos Santos<\/a><\/strong>, jornalista<\/p>\n<p>Grava\u00e7\u00f5es: <strong>Equipe T\u00e9cnica R\u00e1dio Universidade<\/strong><\/p>\n<p>Edi\u00e7\u00e3o final, divulga\u00e7\u00e3o digital e gerenciamento de acervo: <strong><a title=\"Milton Oliveira Web Curr\u00edculo\" href=\"https:\/\/www.aprendizdomundo.com\/miltonoliveira\" target=\"_blank\" rel=\"noopener noreferrer\">Milton Oliveira<\/a><\/strong><\/p>\n<p>O <strong>Conversa de Botequim<\/strong> \u00e9 uma produ\u00e7\u00e3o adaptada para o programa <strong><a title=\"Magazine\" href=\"https:\/\/aprendizdomundo.com\/portal\/perfil_magazine\/\" target=\"_blank\" rel=\"noopener noreferrer\">Magazine<\/a><\/strong>, onde fez sua estreia em 04\/02\/2015. Como quadro, foi apresentado pela \u00faltima vez em 28\/03\/2018, na semana que o programa encerrou sua fase como revista.<\/p>\n<p>A r\u00e1dio web <strong>A Era do R\u00e1dio<\/strong>, de Capinzal\/SC, veiculou o quadro a partir de 2017. A <strong>Cabriola Web R\u00e1dio<\/strong>, de Salvador\/BA, veiculou a s\u00e9rie a partir de nov\/2018. A <strong><a title=\"R\u00e1dio Ac\u00e1cia Web\" href=\"https:\/\/acaciaweb.com.br\/\" target=\"_blank\" rel=\"noopener\">R\u00e1dio Ac\u00e1cia Web<\/a><\/strong>, na \u00e9poca R\u00e1dio Ac\u00e1cia FM 87.9, emissora comunit\u00e1ria de Alvorada\/RS, veiculou o quadro a partir de 31\/03\/2019. E a <strong><a title=\"ObjetivaCast WebRadio\" href=\"https:\/\/objetivacast.com.br\/\" target=\"_blank\" rel=\"noopener noreferrer\">ObjetivaCast WebRadio<\/a><\/strong>, tamb\u00e9m de Alvorada\/RS, veiculou de julho\/2021 a abril\/2024.<\/p>\n<p>Este programete est\u00e1 dispon\u00edvel para veicula\u00e7\u00e3o em sua emissora, \u00e9 s\u00f3 contatar pelo <strong>e-mail <a title=\"E-mail de Milton Oliveira\" href=\"mailto:miltoncamobi@yahoo.com.br\">miltoncamobi@yahoo.com.br<\/a><\/strong>. Para conhecer a produ\u00e7\u00e3o, ou\u00e7a o exemplo no <strong><a title=\"Ou\u00e7a Conversa de Botequim no Radiotube\" href=\"https:\/\/www.radiotube.org.br\/audio-2680NzUEqZpG6\" target=\"_blank\" rel=\"noopener noreferrer\">Radiotube<\/a><\/strong>.<\/p>\n","protected":false},"excerpt":{"rendered":"<p>Conversa de Botequim, em cada edi\u00e7\u00e3o, enfoca um tema ou grande nome ou momento da nossa rica MPB, unindo um texto de profunda pesquisa com grava\u00e7\u00f5es hist\u00f3ricas e ilustrativas. Conversa de Botequim \u00e9 t\u00edtulo de uma das mais conhecidas composi\u00e7\u00f5es da parceria Noel Rosa e Vadico. A s\u00e9rie completa do quadro re\u00fane 78 programetes, variando [&#8230;] <\/p>\n<p class=\"more-link-container\"><a href=\"https:\/\/aprendizdomundo.com\/portal\/perfil_producoes\/perfil_programetes\/perfil_conversadebotequim\/\" class=\"more-link\">Read More<span class=\"screen-reader-text\"> &#8220;Conversa de Botequim&#8221;<\/span><\/a><\/p>\n","protected":false},"author":1,"featured_media":0,"parent":52772,"menu_order":0,"comment_status":"closed","ping_status":"closed","template":"page-templates\/template-right-sidebar.php","meta":{"_eb_attr":"","footnotes":""},"class_list":["post-52776","page","type-page","status-publish","hentry"],"_links":{"self":[{"href":"https:\/\/aprendizdomundo.com\/portal\/wp-json\/wp\/v2\/pages\/52776","targetHints":{"allow":["GET"]}}],"collection":[{"href":"https:\/\/aprendizdomundo.com\/portal\/wp-json\/wp\/v2\/pages"}],"about":[{"href":"https:\/\/aprendizdomundo.com\/portal\/wp-json\/wp\/v2\/types\/page"}],"author":[{"embeddable":true,"href":"https:\/\/aprendizdomundo.com\/portal\/wp-json\/wp\/v2\/users\/1"}],"replies":[{"embeddable":true,"href":"https:\/\/aprendizdomundo.com\/portal\/wp-json\/wp\/v2\/comments?post=52776"}],"version-history":[{"count":7,"href":"https:\/\/aprendizdomundo.com\/portal\/wp-json\/wp\/v2\/pages\/52776\/revisions"}],"predecessor-version":[{"id":55012,"href":"https:\/\/aprendizdomundo.com\/portal\/wp-json\/wp\/v2\/pages\/52776\/revisions\/55012"}],"up":[{"embeddable":true,"href":"https:\/\/aprendizdomundo.com\/portal\/wp-json\/wp\/v2\/pages\/52772"}],"wp:attachment":[{"href":"https:\/\/aprendizdomundo.com\/portal\/wp-json\/wp\/v2\/media?parent=52776"}],"curies":[{"name":"wp","href":"https:\/\/api.w.org\/{rel}","templated":true}]}}