{"id":52800,"date":"2026-02-02T15:16:20","date_gmt":"2026-02-02T18:16:20","guid":{"rendered":"https:\/\/aprendizdomundo.com\/portal\/?page_id=52800"},"modified":"2026-04-05T19:48:05","modified_gmt":"2026-04-05T22:48:05","slug":"perfil_conexao292","status":"publish","type":"page","link":"https:\/\/aprendizdomundo.com\/portal\/perfil_producoes\/perfil_descontinuadas\/perfil_conexao292\/","title":{"rendered":"Conex\u00e3o 292"},"content":{"rendered":"<p><img fetchpriority=\"high\" decoding=\"async\" title=\"Conex\u00e3o 292\" class=\"alignleft\" src=\"https:\/\/aprendizdomundo.com\/imagens\/marca800_conexao.png\" alt=\"Conex\u00e3o 292\" width=\"400\" height=\"400\" \/><strong>Conex\u00e3o 292<\/strong> foi um programa de r\u00e1dio completo, incluindo quadros culturais, informa\u00e7\u00e3o atualizada, divulga\u00e7\u00e3o musical, entrevistas, poesia, interatividade, e muita m\u00fasica, desde os \u00faltimos lan\u00e7amentos at\u00e9 as melhores recorda\u00e7\u00f5es nacionais e internacionais.<\/p>\n<p>Ao vivo, sempre, o programa abriu um espa\u00e7o at\u00e9 ent\u00e3o inexistente na programa\u00e7\u00e3o da <strong><a title=\"R\u00e1dio Universidade AM\" href=\"https:\/\/www.ufsm.br\/radio\" target=\"_blank\" rel=\"noopener\">R\u00e1dio Universidade AM<\/a><\/strong>, a participa\u00e7\u00e3o direta do ouvinte, principalmente por telefone, n\u00e3o s\u00f3 escolhendo m\u00fasicas, mas ajudando o produtor na defini\u00e7\u00e3o de novos quadros e estrat\u00e9gias de comunica\u00e7\u00e3o.<\/p>\n<p>O slogan do Conex\u00e3o era &#8220;um programa feito por voc\u00ea&#8221;.<\/p>\n<p>Cria\u00e7\u00e3o, dire\u00e7\u00e3o, coordena\u00e7\u00e3o de projetos incorporados, produ\u00e7\u00e3o, curadoria de conte\u00fado, pesquisa, curadoria musical, sele\u00e7\u00e3o de repert\u00f3rio, roteiriza\u00e7\u00e3o, reda\u00e7\u00e3o de texto, apresenta\u00e7\u00e3o ao vivo, opera\u00e7\u00e3o t\u00e9cnica, grava\u00e7\u00f5es adicionais, edi\u00e7\u00e3o de programetes (quadros), atendimento ao ouvinte, divulga\u00e7\u00e3o digital e gerenciamento de acervo: <strong><a title=\"Milton Oliveira Web Curr\u00edculo\" href=\"https:\/\/www.aprendizdomundo.com\/miltonoliveira\" target=\"_blank\" rel=\"noopener\">Milton Oliveira<\/a><\/strong><\/p>\n<p>Vozes da vinhetagem: <strong>Cezar Hamilton Saccol dos Santos<\/strong> e <strong>Cleber Newton Costa<\/strong><\/p>\n<p><img decoding=\"async\" border=\"0\" title=\"Arte Conex\u00e3o 292\" alt=\"Arte Conex\u00e3o 292\" class=\"alignright\" src=\"https:\/\/aprendizdomundo.com\/imagens\/conexao292arte2.png\" width=\"200\" height=\"200\">O programa teve sua estreia em 23\/06\/1997, \u00e0s 23h00. \u00c0 \u00e9poca a <strong>Universidade AM<\/strong> encerrava seu trabalho di\u00e1rio neste hor\u00e1rio, ent\u00e3o o programa aumentou em uma hora a programa\u00e7\u00e3o. Ao completar quatro meses o Conex\u00e3o j\u00e1 estava com duas horas de dura\u00e7\u00e3o, levando o fechamento da emissora para a uma hora da madrugada. O p\u00fablico come\u00e7ou a exigir mais tempo e ao completar um ano, o Conex\u00e3o j\u00e1 tinha assumido tr\u00eas horas, permanecendo no ar at\u00e9 \u00e0s 02h00. Mais tarde (03\/05\/1998), o programa, que era de segunda a sexta-feira, assumiu as noites de domingo por um certo tempo, das 21h00 \u00e0 meia-noite. Depois passou a dividir esta mesma noite de domingo com o Revista Esportiva, programa de Gilson Piber, antes de abandon\u00e1-la em 21\/02\/1999.<\/p>\n<p>Ao entrar no ano 2000, o <strong>Conex\u00e3o 292<\/strong> come\u00e7ou a ser repensado. Em mar\u00e7o ele entrou em f\u00e9rias (\u00fanicas realizadas pelo programa) e em 04\/04 retornou ao ar com novas propostas, novos projetos e um novo hor\u00e1rio, mantendo-se no ar de ter\u00e7a a sexta-feira, das 22h00 \u00e0 01h00.<\/p>\n<p>O ano 2000 teve um ingrediente especial para o programa, que investiu s\u00e9rio na cobertura dos <strong>Jogos Ol\u00edmpicos de Sydney<\/strong>. Com a colabora\u00e7\u00e3o de Marlon Herath, \u00e0 \u00e9poca acad\u00eamico de Jornalismo da <strong><a title=\"Portal UFSM\" href=\"https:\/\/www.ufsm.br\/\" target=\"_blank\" rel=\"noopener\">UFSM<\/a><\/strong>, desde o final de 1999 j\u00e1 mantinha-se o quadro <strong>Conex\u00e3o Ol\u00edmpica<\/strong>, contando a hist\u00f3ria das olimp\u00edadas e seus grandes atletas. No in\u00edcio de 2000 veio o programa <strong>Conex\u00e3o Ol\u00edmpica<\/strong>, produto do <strong>Conex\u00e3o 292<\/strong> totalmente voltado \u00e0 cobertura dos Jogos Ol\u00edmpicos. Ingressaram na equipe os tamb\u00e9m acad\u00eamicos Pedro Rocha e Rog\u00e9rio Giaretta Jr.<\/p>\n<p>E chegaram os Jogos! Sob a coordena\u00e7\u00e3o de <strong>Milton Oliveira<\/strong>, de 15\/09\/2000 a 01\/10\/2000 foi ao ar o <strong>Conex\u00e3o Especial<\/strong>, promovendo cobertura total dos <strong>Jogos Ol\u00edmpicos de Sydney<\/strong>, com transmiss\u00f5es durante todas as noites do evento, iniciando \u00e0s 21h00 e s\u00f3 encerrando ao amanhecer, \u00e0s 07h00. Vale ressaltar que nunca uma emissora de r\u00e1dio do interior ga\u00facho tinha feito (e nem o fez depois disto) uma cobertura t\u00e3o longa como esta. Foram mais de 200 horas de transmiss\u00f5es exclusivas do maior evento esportivo do planeta. O trabalho tinha at\u00e9 rep\u00f3rter na Austr\u00e1lia, Clery Quinhones de Lima. Ainda participaram da cobertura, al\u00e9m dos acad\u00eamicos citados, Gilson Piber, Otac\u00edlio Neto e o comentarista convidado Tiago Torriani.<\/p>\n<p>O slogan da cobertura ol\u00edmpica era &#8220;Olimp\u00edadas 2000. Na Universidade, voc\u00ea \u00e9 medalha de ouro!&#8221;.<\/p>\n<p>Passada a cobertura ol\u00edmpica, o <strong>Conex\u00e3o 292<\/strong> entrou na sua \u00faltima fase, permanecendo no ar apenas na noite de sexta. Em 01\/12\/2000 foi ao ar a \u00faltima audi\u00e7\u00e3o do programa, a de n\u00famero <strong>809<\/strong>. Foram tr\u00eas anos e meio de movimentada atua\u00e7\u00e3o na programa\u00e7\u00e3o noturna da emissora.<\/p>\n<p>Os quadros, aditivos imprescind\u00edveis para um bom programa de variedades, sempre tiveram aten\u00e7\u00e3o especial da produ\u00e7\u00e3o. Quando da estr\u00e9ia, o Conex\u00e3o 292 chegou com os quadros Saber Ci\u00eancia, com Roberto Montagner; Mem\u00f3ria MPB, com Candido Otto da Luz; Tiro Livre Direto, com Gilson Piber; The Beatles Lirics, com Robson Gon\u00e7alves e Rog\u00e9rio Koff; e No Escurinho do Cinema, com Jair Alan Siqueira. Estes dois \u00faltimos mantiveram-se apenas no primeiro ano.<\/p>\n<p>Mais tarde foram acrescentados os quadros Uma Mensagem Para um Novo Dia, com Nelson Bastos; Ritmo Latino, com Chico Sosa; Conex\u00e3o Ol\u00edmpica, com Marlon Herath; Informa\u00e7\u00f5es do Tempo, em parceria com a Esta\u00e7\u00e3o Meteorol\u00f3gica da UFSM; Momento de F\u00e9; Momento de Amor; F\u00e3-clube Roupa Nova; Country Music Club; e Clube do Rei. Alguns quadros tiveram temporadas curtas, como o UFSM em Not\u00edcias, com Aurea Fonseca; e Rep\u00f3rter 292, com a ent\u00e3o acad\u00eamica Andressa de Oliveira.<\/p>\n<p>Os especiais tamb\u00e9m fazem parte da hist\u00f3ria do <strong>Conex\u00e3o 292<\/strong>. Especial de Natal, em todos os anos, sendo o 1997 em 24\/12; Especial de Ano Novo, em todos finais de ano; Dia do Amigo, em todos os anos, 20\/07; Dia das M\u00e3es; Dia dos Pais; Anivers\u00e1rios; e Programa 500, em 09\/04\/1999, com seis horas de dura\u00e7\u00e3o e cerca de 400 liga\u00e7\u00f5es.<\/p>\n<p>Muitos ouvintes ultrapassaram a audi\u00eancia em casa e visitaram os est\u00fadios da emissora, deixando a\u00ed colabora\u00e7\u00f5es importantes: Carlos Gilmar Aguiar e seus valiosos LPs; Arlei Rodrigues e suas interpreta\u00e7\u00f5es po\u00e9ticas; Zeni Peters e seus brindes artesanais; Branco e a parceria de muitos brindes da Suvinil Tintas; e tantos outros.<\/p>\n<p>Artistas tamb\u00e9m freq\u00fcentaram o est\u00fadio: Roberto Duran e suas m\u00fasicas in\u00e9ditas (lan\u00e7adas com exclusividade no programa); e a dupla Diony e Rodrigo. Outros concederam entrevistas exclusivas por telefone, como o pessoal da banda catarinense Conex\u00e3o Brazil, que participou do Especial Programa 500.<\/p>\n<p>As campanhas institucionais tamb\u00e9m fizeram parte do projeto. A Campanha do Livro, em benef\u00edcio da Biblioteca da Escola Municipal Vicente Farencena, reuniu mais de mil exemplares. O programa sempre participou na divulga\u00e7\u00e3o das campanhas do Banco de Sangue do HUSM. E as campanhas permanentes Direitos Humanos; Viva Melhor; e Uma Ora\u00e7\u00e3o Para Cada Dia, em 2000, levaram mensagens positivas aos ouvintes.<\/p>\n<p><img decoding=\"async\" border=\"0\" title=\"Marca Conex\u00e3o 292\" alt=\"Marca Conex\u00e3o 292\" class=\"alignleft\" src=\"https:\/\/aprendizdomundo.com\/imagens\/marca800_conexao292.png\" width=\"200\" height=\"200\">O <strong>Conex\u00e3o 292<\/strong> teve uma caracter\u00edstica especial muito apreciada pelo ouvinte. O programa n\u00e3o fazia feriados ou f\u00e9rias (apenas a de 2000). E sempre ao vivo. Quando o titular era acometido por inflama\u00e7\u00e3o na garganta ou ia para suas f\u00e9rias, entrava em cena um colaborador muito especial, Valmor Rhoden, ent\u00e3o acad\u00eamico do curso de Rela\u00e7\u00f5es P\u00fablicas da <strong>UFSM<\/strong>, que assumia o microfone dos <strong>800 AM<\/strong>.<\/p>\n<p>Foi Valmor, tamb\u00e9m, que assinou o projeto de uma promo\u00e7\u00e3o especial para os ouvintes, em 1998, &#8220;Obino D\u00e1 Pr\u00eamio&#8221;, que teve seus sorteios finais em 31\/07. Outras promo\u00e7\u00f5es tamb\u00e9m premiaram os ouvintes, como &#8220;Slogan do Primeiro Anivers\u00e1rio&#8221;, onde o ganhador foi agraciado com uma bicicleta da Pedal Livre; &#8220;Pintando o Sete com a Suvinil&#8221;; e &#8220;Programa 500&#8221;.<\/p>\n<p>As parcerias com marcas e empresas s\u00e9rias sempre deram muita credibilidade \u00e0s premia\u00e7\u00f5es do programa. Entre tantos parceiros, ficaram registrados: Tintas Suvinil, Casa Cor, Lojas Obino, Pedal Livre Bicicletas, cantor Roberto Duran, artes\u00e3s Zeni Peters e Gessi Oliveira de Freitas, Armaz\u00e9m da M\u00fasica, Usina-Escola de Latc\u00ednios da UFSM, Piano Reparadora, Artti Confec\u00e7\u00f5es, Thau V\u00eddeo, Sal\u00e3o Romiche, Mini Mercado Ruvinski, Di Larouffe, Claude B\u00e8rgere, Kart In-Door e Supermercado Chaves.<\/p>\n<p>Mesmo depois de sair da programa\u00e7\u00e3o, o <strong>Conex\u00e3o 292<\/strong> ainda gerou novos projetos. O primeiro foi o <strong>Conex\u00e3o Vestibular<\/strong>, comandado por Milton ao lado de Gilson Piber a partir de 2001. As edi\u00e7\u00f5es se sucederam nos anos de 2002, 2006, 2007, 2010 e 2011. Este, nas noites de v\u00e9spera do Vestibular da <strong>UFSM<\/strong>, das 20h00 \u00e0s 22h00, trazia todas as informa\u00e7\u00f5es para os vestibulandos.<\/p>\n<p>O produto mais recente da &#8220;marca&#8221; Conex\u00e3o foi o <strong>Conex\u00e3o UFSM<\/strong>. O projeto, criado por <strong>Milton Oliveira<\/strong> e <strong>Gilson Piber<\/strong>, foi uma das a\u00e7\u00f5es especiais da programa\u00e7\u00e3o da <strong>R\u00e1dio Universidade<\/strong> nas comemora\u00e7\u00f5es do cinquenten\u00e1rio da <strong>Universidade Federal de Santa Maria<\/strong>, comemorado em 14\/12\/2010. O projeto reuniu duas frentes de atua\u00e7\u00e3o. Uma, o programa de r\u00e1dio <strong>Conex\u00e3o UFSM<\/strong>, que teve estreia em 02\/08 e somou 22 edi\u00e7\u00f5es veiculadas at\u00e9 20\/12 pelos 800 AM, sempre \u00e0s segundas-feiras, no hor\u00e1rio das 13h15 \u00e0s 15h00, ao vivo. Outra, a revista digital <strong>Conex\u00e3o UFSM<\/strong>, publicada mensalmente, todo dia 14 (a publica\u00e7\u00e3o digital teve cinco n\u00fameros). No programa, Milton fazia a opera\u00e7\u00e3o t\u00e9cnica e apresentava o quadro Registro Hist\u00f3rico, montado com textos de Roberto Montagner; na revista, foi editor.<\/p>\n","protected":false},"excerpt":{"rendered":"<p>Conex\u00e3o 292 foi um programa de r\u00e1dio completo, incluindo quadros culturais, informa\u00e7\u00e3o atualizada, divulga\u00e7\u00e3o musical, entrevistas, poesia, interatividade, e muita m\u00fasica, desde os \u00faltimos lan\u00e7amentos at\u00e9 as melhores recorda\u00e7\u00f5es nacionais e internacionais. Ao vivo, sempre, o programa abriu um espa\u00e7o at\u00e9 ent\u00e3o inexistente na programa\u00e7\u00e3o da R\u00e1dio Universidade AM, a participa\u00e7\u00e3o direta do ouvinte, principalmente [&#8230;] <\/p>\n<p class=\"more-link-container\"><a href=\"https:\/\/aprendizdomundo.com\/portal\/perfil_producoes\/perfil_descontinuadas\/perfil_conexao292\/\" class=\"more-link\">Read More<span class=\"screen-reader-text\"> &#8220;Conex\u00e3o 292&#8221;<\/span><\/a><\/p>\n","protected":false},"author":1,"featured_media":0,"parent":52792,"menu_order":0,"comment_status":"closed","ping_status":"closed","template":"page-templates\/template-right-sidebar.php","meta":{"_eb_attr":"","footnotes":""},"class_list":["post-52800","page","type-page","status-publish","hentry"],"_links":{"self":[{"href":"https:\/\/aprendizdomundo.com\/portal\/wp-json\/wp\/v2\/pages\/52800","targetHints":{"allow":["GET"]}}],"collection":[{"href":"https:\/\/aprendizdomundo.com\/portal\/wp-json\/wp\/v2\/pages"}],"about":[{"href":"https:\/\/aprendizdomundo.com\/portal\/wp-json\/wp\/v2\/types\/page"}],"author":[{"embeddable":true,"href":"https:\/\/aprendizdomundo.com\/portal\/wp-json\/wp\/v2\/users\/1"}],"replies":[{"embeddable":true,"href":"https:\/\/aprendizdomundo.com\/portal\/wp-json\/wp\/v2\/comments?post=52800"}],"version-history":[{"count":18,"href":"https:\/\/aprendizdomundo.com\/portal\/wp-json\/wp\/v2\/pages\/52800\/revisions"}],"predecessor-version":[{"id":55023,"href":"https:\/\/aprendizdomundo.com\/portal\/wp-json\/wp\/v2\/pages\/52800\/revisions\/55023"}],"up":[{"embeddable":true,"href":"https:\/\/aprendizdomundo.com\/portal\/wp-json\/wp\/v2\/pages\/52792"}],"wp:attachment":[{"href":"https:\/\/aprendizdomundo.com\/portal\/wp-json\/wp\/v2\/media?parent=52800"}],"curies":[{"name":"wp","href":"https:\/\/api.w.org\/{rel}","templated":true}]}}