{"id":52814,"date":"2026-02-02T15:19:19","date_gmt":"2026-02-02T18:19:19","guid":{"rendered":"https:\/\/aprendizdomundo.com\/portal\/?page_id=52814"},"modified":"2026-04-05T19:49:23","modified_gmt":"2026-04-05T22:49:23","slug":"perfil_italiadisempre","status":"publish","type":"page","link":"https:\/\/aprendizdomundo.com\/portal\/perfil_producoes\/perfil_descontinuadas\/perfil_italiadisempre\/","title":{"rendered":"Italia di Sempre"},"content":{"rendered":"<p><img fetchpriority=\"high\" decoding=\"async\" title=\"Italia di Sempre\" class=\"alignleft\" src=\"https:\/\/aprendizdomundo.com\/imagens\/marca800_italiadisempre.png\" alt=\"Italia di Sempre\" width=\"400\" height=\"400\" \/><strong>Italia di Sempre<\/strong> foi um programa cultural semanal voltado \u00e0 execu\u00e7\u00e3o de can\u00e7\u00f5es rom\u00e2nticas italianas, preferencialmente das d\u00e9cadas de 1960, 1970 e 1980. Cada audi\u00e7\u00e3o variava entre 56 a 58 minutos cada uma delas.<\/p>\n<p>Cria\u00e7\u00e3o, dire\u00e7\u00e3o, produ\u00e7\u00e3o, pesquisa, reda\u00e7\u00e3o de texto, curadoria musical, sele\u00e7\u00e3o de repert\u00f3rio, roteiriza\u00e7\u00e3o, grava\u00e7\u00f5es, edi\u00e7\u00e3o, controle de inser\u00e7\u00f5es, divulga\u00e7\u00e3o digital e gerenciamento de acervo: <strong><a title=\"Milton Oliveira Web Curr\u00edculo\" href=\"https:\/\/www.aprendizdomundo.com\/miltonoliveira\" target=\"_blank\" rel=\"noopener\">Milton Oliveira<\/a><\/strong><\/p>\n<p>Apresenta\u00e7\u00e3o: <strong><a title=\"Helvio Cecchin no Facebook\" href=\"https:\/\/www.facebook.com\/helvio.cecchin\" target=\"_blank\" rel=\"noopener\">Helvio Cecchin<\/a><\/strong><\/p>\n<p><strong>Italia di Sempre<\/strong> foi uma produ\u00e7\u00e3o criada originalmente para a <strong><a title=\"R\u00e1dio Universidade AM\" href=\"https:\/\/www.ufsm.br\/radio\" target=\"_blank\" rel=\"noopener\">R\u00e1dio Universidade AM<\/a><\/strong>, onde fez sua estreia em 04\/03\/2017. Na <strong><a title=\"R\u00e1dio Uni FM\" href=\"https:\/\/www.ufsm.br\/radio\" target=\"_blank\" rel=\"noopener\">R\u00e1dio Uni FM<\/a><\/strong>, entrou na grade em 02\/12\/2017. Era apresentado simultaneamente aos s\u00e1bados, na faixa das 22h00 \u00e0s 23h00, com reprise somente na AM, aos domingos, das 19h00 \u00e0s 20h00. Sua \u00faltima audi\u00e7\u00e3o foi ao ar, em ambas as emissoras, em 27\/10\/2018, e a \u00faltima reprise em 28\/10\/2018.<\/p>\n<p>Para recordar a produ\u00e7\u00e3o, ou\u00e7a em <strong><a title=\"Ou\u00e7a no Radiotube\" href=\"https:\/\/www.radiotube.org.br\/audio-2680ufaLW8qFN\" target=\"_blank\" rel=\"noopener\">Radiotube<\/a><\/strong>.<\/p>\n","protected":false},"excerpt":{"rendered":"<p>Italia di Sempre foi um programa cultural semanal voltado \u00e0 execu\u00e7\u00e3o de can\u00e7\u00f5es rom\u00e2nticas italianas, preferencialmente das d\u00e9cadas de 1960, 1970 e 1980. Cada audi\u00e7\u00e3o variava entre 56 a 58 minutos cada uma delas. Cria\u00e7\u00e3o, dire\u00e7\u00e3o, produ\u00e7\u00e3o, pesquisa, reda\u00e7\u00e3o de texto, curadoria musical, sele\u00e7\u00e3o de repert\u00f3rio, roteiriza\u00e7\u00e3o, grava\u00e7\u00f5es, edi\u00e7\u00e3o, controle de inser\u00e7\u00f5es, divulga\u00e7\u00e3o digital e [&#8230;] <\/p>\n<p class=\"more-link-container\"><a href=\"https:\/\/aprendizdomundo.com\/portal\/perfil_producoes\/perfil_descontinuadas\/perfil_italiadisempre\/\" class=\"more-link\">Read More<span class=\"screen-reader-text\"> &#8220;Italia di Sempre&#8221;<\/span><\/a><\/p>\n","protected":false},"author":1,"featured_media":0,"parent":52792,"menu_order":0,"comment_status":"closed","ping_status":"closed","template":"page-templates\/template-right-sidebar.php","meta":{"_eb_attr":"","footnotes":""},"class_list":["post-52814","page","type-page","status-publish","hentry"],"_links":{"self":[{"href":"https:\/\/aprendizdomundo.com\/portal\/wp-json\/wp\/v2\/pages\/52814","targetHints":{"allow":["GET"]}}],"collection":[{"href":"https:\/\/aprendizdomundo.com\/portal\/wp-json\/wp\/v2\/pages"}],"about":[{"href":"https:\/\/aprendizdomundo.com\/portal\/wp-json\/wp\/v2\/types\/page"}],"author":[{"embeddable":true,"href":"https:\/\/aprendizdomundo.com\/portal\/wp-json\/wp\/v2\/users\/1"}],"replies":[{"embeddable":true,"href":"https:\/\/aprendizdomundo.com\/portal\/wp-json\/wp\/v2\/comments?post=52814"}],"version-history":[{"count":6,"href":"https:\/\/aprendizdomundo.com\/portal\/wp-json\/wp\/v2\/pages\/52814\/revisions"}],"predecessor-version":[{"id":55030,"href":"https:\/\/aprendizdomundo.com\/portal\/wp-json\/wp\/v2\/pages\/52814\/revisions\/55030"}],"up":[{"embeddable":true,"href":"https:\/\/aprendizdomundo.com\/portal\/wp-json\/wp\/v2\/pages\/52792"}],"wp:attachment":[{"href":"https:\/\/aprendizdomundo.com\/portal\/wp-json\/wp\/v2\/media?parent=52814"}],"curies":[{"name":"wp","href":"https:\/\/api.w.org\/{rel}","templated":true}]}}